w(m). Calculate k(x).
4
Let t(s) = -s**2 + s + 6. Suppose r + 3*b = -0*b + 513, 0 = 2*r + b - 1041. Let c = -519 + r. Calculate t(c).
0
Let p(h) be the third derivative of -h**6/120 + h**5/15 + h**4/12 - h**3 - 12271*h**2. Let l = -4 + 8. Calculate p(l).
2
Let w be 21/(294/280) + -8 + 1. Let d(c) = 10*c - 121. What is d(w)?
9
Let s(g) = -7*g - 31. Let q = -2420 - -2413. What is s(q)?
18
Let j(x) = 2*x + 13. Let n(w) = 9*w + 19. Let a(t) = 2*j(t) - n(t). What is a(4)?
-13
Suppose -p - 16 = -5*p. Let l(f) = 22*f - f - p - 22*f. Calculate l(-3).
-1
Let z(d) be the second derivative of d**5/10 + d**4/12 - d**3/3 - 2*d**2 + 400*d - 2. Calculate z(3).
53
Suppose 289 = -5*z + 284. Let c(r) = 9*r**3 + 3*r**2 - 7*r - 7. Let k(o) = -4*o**3 - o**2 + 3*o + 3. Let a(u) = 2*c(u) + 5*k(u). Give a(z).
3
Let f(s) be the first derivative of 0*s**2 - 2/3*s**3 + 0*s - 295. Give f(2).
-8
Let r(f) be the first derivative of f**3/3 - 17*f**2/2 + 18*f + 12. What is r(13)?
-34
Let q(g) = g**3 + 8*g**2 + 11*g + 27. Suppose -57 = -3*r - 78. Calculate q(r).
-1
Let h(i) be the third derivative of 1/6*i**4 + 0*i - 1/60*i**5 + 0 + 17/6*i**3 + 100*i**2. Determine h(7).
-4
Suppose -48*j + 60 = -84. Let c(x) = 7*x**3 - 28250 + 28249 - 18*x**j + x + x**2. Give c(1).
-10
Let r(w) be the first derivative of -13*w**3/3 - 5*w**2/2 - 7*w + 4499. Determine r(-2).
-49
Let b(y) = -3 - 11*y**2 + 67*y**2 - y**3 - 12*y**2 - 20*y**2 - 14*y**2. Determine b(3).
60
Let f(r) = 2*r**3 - 9*r**2 - 28. Let s be (2/(-12) + (-119)/42)/((-42)/70). Calculate f(s).
-3
Let a(h) = -15 - 249*h**3 + 3*h + 5 - 23*h**2 + 247*h**3. Let l(r) = r**3 + 12*r**2 - 2*r + 5. Let c(d) = 3*a(d) + 5*l(d). Determine c(-9).
4
Let j(r) = r**3 + 3*r**2 + 3. Let w be j(-3). Let t(c) = -143*c**2 - 144*c**2 + 1249*c - 1253*c - 147*c**2 + 3 + 573*c**2 - 140*c**2. Calculate t(w).
-18
Let h be 0/(-4 - (-4 + 2 - 0)). Suppose 2*o = -0*o - l + 89, h = 3*l + 9. Suppose o*y = 49*y - 15. Let p(x) = -4*x + 3. What is p(y)?
-17
Let f(j) = 9*j - 13. Let s(t) = -7*t + 11. Let x = 326 - 330. Let n(c) = x*f(c) - 5*s(c). Let p = -8 + 2. Give n(p).
3
Let g(x) = 7*x + 4. Let o be 1*(0 + 1) - ((-70)/(-10) - 6). Calculate g(o).
4
Suppose 16*z - 15*z - 4*g = 5, 0 = -3*z - 24*g - 129. Let l(i) = -i**2 - 18*i - 62. What is l(z)?
15
Suppose 2*k = 12*n - 52, 5*n = -321*k + 316*k + 80. Let r(v) = 6 + 6*v**2 - 4*v**2 - 3*v - 7*v. Calculate r(n).
18
Let l(a) = a**2 + 2*a - 146. Let s be ((-12)/(-9) - (-245)/(-294))*0. Determine l(s).
-146
Let g be 132/(-34) - (-8)/(-68). Let y(l) = -13*l + 2. Let t(u) = -14*u + 3. Let o(v) = g*y(v) + 3*t(v). Calculate o(-4).
-39
Let l(v) = -v**2 + 15*v + 446. Let i be l(30). Let o(f) = -f - 7. Give o(i).
-3
Let p(s) = 50*s**3 - 3*s**2 + 34*s + 49. Let t(a) = 17*a**3 + a**2 + 3*a + 1. Let n(w) = p(w) - 3*t(w). Calculate n(-8).
-26
Let i(y) = -46*y**3 - y**2 + y - 1. Let j(u) = -2*u**2 - 16*u + 17. Let q be j(-9). Let o be 5/(-20)*(-7 - (q + -2)). What is i(o)?
-47
Let r(i) = 5*i + 5. Suppose 26*a - 25*a - 3*o = -11, 5*a + 16 = 2*o. Calculate r(a).
-5
Let s(w) = -4*w - 2. Suppose -13*q + 14*q - 13 = -5*j, 0 = q - 5*j + 27. Calculate s(q).
26
Let h(d) = -757 - 722 + 2181 - 749 - 14*d. What is h(-3)?
-5
Let x(n) = -15*n + 2. Suppose -37*p - 32 + 4 = -9*p. Calculate x(p).
17
Let u(z) = -13*z**3 - 3*z**2 + z + 3. Let c = 8857 - 8855. Determine u(c).
-111
Let h = -90 - -79. Let f(j) = 5*j + 11. Let k(a) = 15*a + 31. Let b(w) = h*f(w) + 4*k(w). What is b(-2)?
-7
Suppose 0 = f + k + 5, -k = -5*f + 2*k + 15. Suppose 2*n + 2*a = 4 + 2, 3*n - 4*a + 12 = f. Let g(j) = -16*j + 15*j - 3*j**3 + 3*j**3 + j**3. Determine g(n).
0
Let m be 6692/280 - (-2)/20*1. Let x = 18 - m. Let g(j) = -2*j - 15. Determine g(x).
-3
Let v(a) be the second derivative of a**3 + 10148*a. What is v(20)?
120
Suppose 15 + 217 = -58*k. Let y(a) = 10*a + 23. What is y(k)?
-17
Let x(g) = 6*g - 1. Suppose -z + 200 - 178 = 0. Let y be (-33)/z - (-1)/2. Determine x(y).
-7
Let i be -3 + (-3 - -13) + -19 + 16. Let f(y) = -y**2 - 9*y + 49. Determine f(i).
-3
Let f(u) be the first derivative of u**2/2 + 42*u - 2998. Calculate f(-31).
11
Let q(v) = -v**3 + 14*v**2 - 17*v + 55. Let z be q(13). Let h(x) = -5 - 4 + 2 - z + 2 - x. Calculate h(-12).
4
Suppose -8*l = -78 + 62. Let r(c) = -78*c**l + 74*c**2 - 4 + 5 - 2 - 2*c. Determine r(-2).
-13
Let j(a) = 10*a - 38. Let n(b) = 15*b - 36. Let k(u) = -8*u + 19. Let t(m) = 11*k(m) + 6*n(m). Let d(p) = -4*j(p) + 22*t(p). Determine d(2).
6
Let y(n) = -n**3 - 2*n + 1. Let d = 147 + -146. Let b be y(d). Let f(j) = 4*j**2 + 4*j + 2. Calculate f(b).
10
Let d(m) = m - 2. Let q be d(10). Let l(v) = 7*v**3 + 32*v**2 + 5*v - 17. Let k(a) = 3*a**3 + 15*a**2 + 3*a - 8. Let n(j) = 9*k(j) - 4*l(j). Calculate n(q).
-12
Let j(n) = 2*n**2 - 1. Let r(l) = -l**3 + 13*l**2 - 11*l + 9. Let c(p) = -2*j(p) + r(p). Let y(k) = k - 1. Let f(t) = -c(t) - 5*y(t). Calculate f(8).
-22
Let h = 103 + -101. Let f(o) = 6*o - 5*o - o**h - o + o. Let w(p) = p**3 - 11*p**2 + 9*p - 10. Let i(r) = -4*f(r) + w(r). Calculate i(7).
25
Let j(r) be the first derivative of -8*r**3/3 + 37*r**2/2 + 10*r - 6871. Calculate j(5).
-5
Suppose 3*x = 3*i + 21, 3*x - 13*i + 9*i - 25 = 0. Let v(b) = 2*b - 5. Determine v(x).
1
Let n(i) = 21*i - 3. Let j be n(1). Let p(h) = -h**3 - 5. Let k(s) = 4*s**3 + 17*s**2 + 19*s + 8. Let g(l) = k(l) + 5*p(l). What is g(j)?
1
Let h(a) = -5*a - 3. Suppose -5 = -0*j - 5*j. Let o = -11 - -12. Let q be o + (2 - j)*-6. Give h(q).
22
Let c(q) = -2. Let r = 203 + -204. Let d(m) = m + 1. Let s(b) = r*c(b) + 2*d(b). Calculate s(6).
16
Let k(v) = -358 + 0*v + 4*v + 725 + 6*v**2 - 365 + 5*v. Give k(-5).
107
Let r(x) be the second derivative of x**4/12 + x**3/3 + x**2 + x. Suppose -27*c = 27*c - 53*c + 3. Give r(c).
5
Let w(g) be the second derivative of g**5/20 + g**4/2 - 7*g**3/6 - 25*g**2 - 4*g - 99. What is w(-5)?
10
Let g(f) = -14*f**2 - 15*f - 17. Let k(u) = -5*u**2 - 5*u - 6. Let c(p) = 4*g(p) - 11*k(p). Let d(v) = 5*v - 19. Let o = 0 - -3. Let m be d(o). What is c(m)?
2
Let o be (-1)/(-5) - (355/25 + -12). Let h(n) be the second derivative of n**5/20 + n**4/12 - n**3/3 - n**2 + 30*n. Give h(o).
-2
Let q(h) = -46*h + 4. Let t be (6/(-10))/(243/(-810)). What is q(t)?
-88
Suppose 43 = -0*m - m + 5*s, 5*s - 99 = 3*m. Let u be (-126)/m*(1 + (-1)/(-3)). Let l(z) = -7*z + 5*z**2 - u*z**2 + z**2 + z**2 - 5. Calculate l(7).
-5
Let r(i) = -22*i - 10. Let h(f) = -12*f - 3 - 3 + 2 + 0*f + 3*f. Let x(q) = -12*h(q) + 5*r(q). Determine x(0).
-2
Let n(r) = -r**2 - 17*r. Let l(u) = -2*u**2 - 34*u - 4. Let p(t) = -3*l(t) + 7*n(t). Calculate p(-17).
12
Suppose 18*u - i = 15*u - 23, 5*i + 18 = -4*u. Let f(d) = 21*d + 151. Determine f(u).
4
Suppose 7*k - 221 = -116. Let g(z) = k - 4 - z + 0*z - 1. What is g(11)?
-1
Let u(w) = -w**3 + w**2 - w - 5. Suppose 0 = -h - 4*h + 170. Let r = h + -26. Suppose -5*p = -0*p + 2*j - r, 12 = p + 3*j. Give u(p).
-5
Suppose 30 = -7*h - k, -5*h - 2*k - 1 - 23 = 0. Let g(s) = 6*s - 1 + 3 + 5*s**2 - 3*s**2. What is g(h)?
10
Let k(d) = -7*d - 4. Suppose -2*m + 3*x - 3 = -4*m, -3*x = -5*m + 60. Suppose -5*b - h - 15 = 0, -b + 4*h = 3*h + m. Give k(b).
24
Let h be ((-70)/28)/(30/(-9)) + (-21)/12. Let k(b) = -4*b**3 + 3*b**2 + 3*b + 1. Calculate k(h).
5
Suppose -2*f - 19*t = -20*t - 267, 0 = -2*f - 3*t + 287. Let i(n) = 4*n - 135 + f - 5*n. Give i(-1).
2
Let k(d) = -d**3 + 10*d**2 - 4*d + 14. Let n(w) = -w**3 + 9*w**2 - 2*w + 15. Let y(a) = -6*k(a) + 5*n(a). Calculate y(14).
-9
Let x(w) be the second derivative of w**6/360 + 7*w**5/120 + 5*w**4/6 - w**2 + 2*w - 4. Let s(d) be the third derivative of x(d). Calculate s(-5).
-3
Suppose 8*y + 3 - 35 = 0. Suppose -2*g + r - y*r = -92, -135 = -3*g - 3*r. Let j = g + -43. Let k(t) = t**2 - t. Calculate k(j).
0
Let n(r) = 16*r**2 + 31*r - 1. Suppose -2*z - 953 = -5*w - 924, -5*z = 2*w. Determine n(z).
1
Let b(x) = 2*x**3 + 2*x**2 - x - 4. Let m = 73 + 50. Let u = m - 126. Give b(u).
-37
Let o(y) = -y + 15. Let a be o(10). Suppose a*g - 4 = -k - 1, 5*k - 15 = g. Let b be (-1 + 2)/(1 - k/2). Let x(t) = t + 4. Determine x(b).
2
Suppose 0 = 3*r - 4 + 19, t + 5*r + 20 = 0. Let c(z) = -3*z + 3. Give c(t).
-12
Let j(r) = -r**3 - 44*r**2 - 2*r - 85. Let n be j(-44). Let v(z) = n + 23*z + 16*z + 17*z - 56*z